2. Let u be w(-1). Let b = u + n. Calculate the greatest common factor of b and 22.
2
Let t be ((-15)/(-5) + -4)*-8. Calculate the highest common factor of 40 and t.
8
Suppose -x + 3*m = 12, -6 = 3*x - 0*x - 3*m. Suppose 0 = -4*v + v + x. Let k be v*3*(-3)/(-1). Calculate the highest common divisor of 27 and k.
9
Suppose -118 + 418 = 10*m. Calculate the highest common divisor of m and 96.
6
Let u(p) = p**2 + p + 7. Let c be u(7). Let l = -105 + 114. Calculate the highest common factor of c and l.
9
Suppose -3*d = -z - 9, 5*d + 2*z - z - 23 = 0. Suppose g = 10*g + 2430. Let w = 274 + g. What is the highest common factor of d and w?
4
Let l = 478 - 318. Suppose -4*t - 4*r = -96, 4*t + 6*r = 10*r + 64. Calculate the greatest common factor of t and l.
20
Suppose -2*o + 105 = 6*s - s, -2*o + 21 = s. Let z = -27 + 0. Let k = 174 + z. Calculate the greatest common factor of s and k.
21
Let l = -737 - -1281. Calculate the greatest common factor of 64 and l.
32
Let m = 735 + -728. Calculate the highest common divisor of 21 and m.
7
Let r(m) = -5*m**2 + 86*m - 128. Let n be r(14). Calculate the greatest common divisor of 1632 and n.
96
Let w be ((-11440)/(-91) - 0) + 4/14. Suppose 6*q - 3*q - p = 43, -53 = -4*q - 3*p. Calculate the highest common divisor of w and q.
14
Let j = 12 - -4. What is the greatest common factor of j and 40?
8
Let q(i) = -i + 6. Let f be q(4). Let z be 50*2/4 - f. What is the highest common divisor of z and 23?
23
Suppose 0 = 4*f + 2*u - 7*u + 24, 7 = 5*f + 3*u. Let d = 7 + f. Suppose 4*h = 3*a - 152, 4*a - 4*h = -d*h + 166. What is the highest common factor of 4 and a?
4
Let c = -23 + 27. Suppose 44 = c*b - 0*t - 2*t, -5*b + 45 = -5*t. What is the highest common factor of b and 117?
13
Let q(v) = -v**2 - 11*v + 5. Let p be q(-11). Suppose -3*f + 3*k = p*k - 244, 0 = -3*f - 4*k + 236. Calculate the greatest common factor of f and 21.
21
Let b(q) = 7*q - 104. Let f be b(16). Calculate the greatest common divisor of 8 and f.
8
Let l be (-100)/(-3)*2280/160. Calculate the highest common divisor of 25 and l.
25
Let k = -179 - -190. What is the highest common factor of k and 209?
11
Suppose 0 = 3*r + o - 68, 3*o - 20 = -r + 4*o. Let u(x) = -32*x + 1. Let i be u(-1). What is the greatest common divisor of i and r?
11
Suppose -5*k + 112 = 2*u + 31, -2*k + 4*u = -42. Suppose -992 = -21*n + k*n. What is the highest common factor of n and 31?
31
Let t be 14 + 2/(-1) + 1. Let d = 121 + -115. Suppose -j = -d*j + 130. What is the greatest common factor of j and t?
13
Let o = 14 + -2. Let v = 17 - o. Suppose -v*s + 31 + 134 = -5*g, 0 = 4*s - g - 132. Calculate the highest common divisor of 3 and s.
3
Let q(s) = -s**2 + 4*s. Let m be q(4). Let c = m + 55. Let i(h) = 2*h - 3. Let o be i(7). What is the highest common factor of c and o?
11
Let o(n) = n**3 + 2*n**2 - 5*n + 3. Let f be o(3). Let v = f - -105. Calculate the greatest common divisor of 92 and v.
46
Suppose 18*a = -42*a + 15600. Calculate the greatest common divisor of a and 195.
65
Suppose 49*r - 7952 = 41*r. Calculate the highest common divisor of r and 71.
71
Let x = -527 + 539. Calculate the greatest common factor of 1248 and x.
12
Let d(g) = g**2 - g - 1. Let i be d(-2). Suppose -i*w = w - 1056. Calculate the greatest common divisor of w and 44.
44
Suppose -3*w + 333 = 5*i, w = i - 91 + 18. What is the greatest common factor of i and 897?
69
Let o(h) = -h + 7. Let p be o(6). Let g(v) = 2*v**3 + 8*v**2 - 5*v + 29. Let l be g(-5). Calculate the greatest common divisor of p and l.
1
Let u = -129 - -125. Let c = 27 - 12. Let s be -3 + c - u - 3. Calculate the greatest common factor of s and 26.
13
Let u = 204 - 123. Let c = u - 56. Let p be (3 - 0) + c + -4. What is the greatest common divisor of p and 60?
12
Suppose -2*h = -4*j + 156, 3*h - 182 = -5*j - h. What is the highest common factor of j and 152?
38
Let l(w) = -w**3 - 2*w**2 + 2*w - 7. Let p be l(-3). Let v be (-30)/p*11*4/5. What is the highest common divisor of 6 and v?
6
Suppose 3 = o - 1. Let u = 726 - 678. Suppose 0 = -3*q - a + o*a + 48, 4*q = -4*a + u. Calculate the greatest common divisor of q and 14.
14
Let c = -231 - -259. What is the highest common factor of 42 and c?
14
Let d be 220/12 + (-6)/(-9). Let p = 11 + d. Calculate the greatest common divisor of 15 and p.
15
Suppose 2*q + 5*l = 39, 26 = 4*q - l - 19. Calculate the highest common factor of q and 11.
1
Let a(k) = -7*k - 54. Let y be a(-13). What is the greatest common factor of y and 37?
37
Suppose -u + 18 = 3*o, -5*o + 61*u - 56*u + 90 = 0. Let p be 1/((-2)/(-4)) - -1. Calculate the highest common divisor of o and p.
3
Suppose 36 + 18 = 2*q. Let z be (-6)/q - (-248)/(-18). Let o be (-2)/(-3)*3 - z. What is the greatest common divisor of 4 and o?
4
Let m be 12/(-54) - 328/(-18). Let p(j) = -2*j**2 - 42*j - 46. Let c be p(-17). Calculate the highest common divisor of m and c.
18
Suppose 5*x = 5, 18*l = 23*l - x - 239. What is the greatest common factor of 192 and l?
48
Suppose -2*j + 4*o + 0 - 4 = 0, -47 = -4*j - 3*o. Let k(l) = l**2 + 19*l - 26. Let x be k(-21). What is the highest common divisor of x and j?
8
Suppose 3*o - 30 - 3 = 0. Suppose -o*d = -15*d + 1224. Let b = d + -161. Calculate the highest common factor of b and 29.
29
Suppose -4*c = 25 + 15. Let m be (18/c)/(12/(-60)). Let s = 7 + 2. What is the greatest common factor of s and m?
9
Let a be (24/(-10))/(13/65). Let w be 26 - (-21)/14*a/9. What is the highest common factor of w and 84?
12
Suppose 4*l + 5 = 85. Let d = 29 - l. What is the highest common divisor of d and 1?
1
Suppose 93*y - 500 = 91*y. Suppose -c - 9*q + 5*q = -50, 3*q + y = 5*c. Suppose 20 = -4*j + 5*j. Calculate the greatest common factor of j and c.
10
Let c = -124 - -64. Let d be 188/c - (-2)/15. Let k be (-33)/(d*3/27). Calculate the greatest common factor of k and 11.
11
Let j = 424 - 205. What is the highest common divisor of j and 3?
3
Suppose -4*c - 1 = 2*l - 11, -5 = -l - c. Let d be (154/l)/((-17)/(-85)). What is the highest common divisor of d and 14?
14
Suppose 0 = -83*m + 88*m - 90. Let b be ((-5)/5)/(1/(-6)). What is the greatest common factor of b and m?
6
Let l be -5*(-3 - -5 - (4 + -1)). Suppose -l*j + 3*u + 210 = 7*u, -5*j + 210 = -4*u. What is the highest common divisor of 12 and j?
6
Let s = 189 - 171. Calculate the highest common factor of 36 and s.
18
Let y = -21 + 38. Let i(a) = 7*a**2 + 77*a + 69. Let m be i(-12). Calculate the highest common divisor of m and y.
17
Let j = 54 - 56. Let f = 4 + j. Let h be (2 - 1)/((-2)/(-20)). Calculate the highest common divisor of f and h.
2
Suppose -t - 8316 = -34*t. Calculate the greatest common divisor of t and 98.
14
Suppose -h = 16*h - 10404. Calculate the highest common divisor of h and 36.
36
Let i be (-7 - -10) + (-1 - 10). Let h = 10 + i. Suppose 4*g + 161 = h*d - 47, 0 = 3*g + 12. What is the highest common divisor of d and 12?
12
Let a = -32 + 36. Suppose -321 = -5*y + x, -y - a*x + 85 = x. What is the highest common factor of 26 and y?
13
Let q be (-2 - -1) + 12 + -2. Suppose -9*l + 3*l + 36 = -0*l. Calculate the highest common divisor of l and q.
3
Suppose -3*x + 12*f = 30, -4*x - 4*f + 35 = 15. Suppose 0*m - 3*m - 27 = -3*k, 5 = m. What is the greatest common factor of k and x?
2
Let j be (3 - 3)*(-2)/6. Let p(q) = -q**3 + q**2 + 2*q. Let n be p(j). Suppose n = -4*w + 11 + 9. What is the greatest common factor of 5 and w?
5
Let n = -17 + 14. Let k be 8/(0 - n - 1). Suppose -10 = -q - k. What is the greatest common divisor of 54 and q?
6
Suppose 12*c = -5*c + 3264. What is the greatest common factor of c and 6?
6
Suppose 0 = -63*x + 72*x - 126. Let n be (-1012)/(-14) - 4/x. Let z(c) = -4*c - 4. Let p be z(-3). Calculate the greatest common factor of p and n.
8
Let j be (-4)/10 + 87/5. Let d(z) = 2*z**2 + 22*z + 71. Let n be d(-10). What is the highest common factor of j and n?
17
Let v(m) = 538*m**3 - 3*m**2 + 13*m - 34. Let o be v(2). What is the highest common factor of o and 51?
51
Let s be (-236)/(-9) + (0 - 24/108). Calculate the highest common factor of 494 and s.
26
Suppose t + 4*q = 196, 2*q - 159 + 775 = 3*t. Calculate the greatest common divisor of t and 170.
34
Suppose 0 = 11*b + 21*b - 3744. Calculate the greatest common factor of b and 78.